{"id":800,"date":"2026-01-03T10:39:41","date_gmt":"2026-01-03T10:39:41","guid":{"rendered":"https:\/\/bykeishaw.com\/?post_type=product&#038;p=800"},"modified":"2026-01-03T14:23:22","modified_gmt":"2026-01-03T14:23:22","slug":"sweet-shadow","status":"publish","type":"product","link":"https:\/\/bykeishaw.com\/?product=sweet-shadow","title":{"rendered":"Sweet Shadow"},"content":{"rendered":"<p><img loading=\"lazy\" decoding=\"async\" class=\"size-medium wp-image-70 aligncenter\" src=\"https:\/\/bykeishaw.com\/wp-content\/uploads\/2026\/01\/z7390150797483_a48903e9b441bd8dd3c4dee390c95938-300x300.jpg\" alt=\"\" width=\"300\" height=\"300\" srcset=\"https:\/\/bykeishaw.com\/wp-content\/uploads\/2026\/01\/z7390150797483_a48903e9b441bd8dd3c4dee390c95938-300x300.jpg 300w, https:\/\/bykeishaw.com\/wp-content\/uploads\/2026\/01\/z7390150797483_a48903e9b441bd8dd3c4dee390c95938-324x324.jpg 324w, https:\/\/bykeishaw.com\/wp-content\/uploads\/2026\/01\/z7390150797483_a48903e9b441bd8dd3c4dee390c95938-100x100.jpg 100w, https:\/\/bykeishaw.com\/wp-content\/uploads\/2026\/01\/z7390150797483_a48903e9b441bd8dd3c4dee390c95938-416x416.jpg 416w, https:\/\/bykeishaw.com\/wp-content\/uploads\/2026\/01\/z7390150797483_a48903e9b441bd8dd3c4dee390c95938-150x150.jpg 150w, https:\/\/bykeishaw.com\/wp-content\/uploads\/2026\/01\/z7390150797483_a48903e9b441bd8dd3c4dee390c95938-768x768.jpg 768w, https:\/\/bykeishaw.com\/wp-content\/uploads\/2026\/01\/z7390150797483_a48903e9b441bd8dd3c4dee390c95938.jpg 800w\" sizes=\"auto, (max-width: 300px) 100vw, 300px\" \/>Ch\u1ea5t v\u1ea3i thun ren cao c\u1ea5p: m\u1ec1m, m\u1ecbn, c\u00f3 \u0111\u1ed9 co gi\u00e3n t\u1ed1t gi\u00fap m\u1eb7c tho\u1ea3i m\u00e1i c\u1ea3 ng\u00e0y.<\/p>\n<p>Thi\u1ebft k\u1ebf th\u00f4ng minh:<\/p>\n<p>B\u1ea3n thun chun sau l\u01b0ng gi\u00fap \u00f4m eo nh\u1eb9 nh\u00e0ng nh\u01b0ng kh\u00f4ng g\u00e2y kh\u00f3 ch\u1ecbu.<\/p>\n<p>Ph\u1ed1i b\u00e8o nh\u1eb9 \u1edf lai v\u00e1y, t\u1ea1o c\u1ea3m gi\u00e1c bay b\u1ed5ng, n\u1eef t\u00ednh v\u00e0 \u0111i\u1ec7u \u0111\u00e0 m\u1ed9t c\u00e1ch tinh t\u1ebf.<\/p>\n<p>C\u00f3 qu\u1ea7n trong an to\u00e0n, t\u1ef1 tin khi di chuy\u1ec3n hay ng\u1ed3i \u2013 r\u1ea5t ph\u00f9 h\u1ee3p cho c\u00e1c b\u1ea1n tr\u1ebb n\u0103ng \u0111\u1ed9ng.<\/p>\n<p>Form v\u00e1y ng\u1eafn tr\u00ean g\u1ed1i v\u1eeba gi\u00fap k\u00e9o d\u00e0i ch\u00e2n, v\u1eeba ph\u00f9 h\u1ee3p v\u1edbi nhi\u1ec1u d\u00e1ng ng\u01b0\u1eddi.<\/p>\n","protected":false},"excerpt":{"rendered":"<p><em>Ch\u01b0a bi\u1ebft ch\u1ecdn size? Xem b\u1ea3ng size b\u00ean d\u01b0\u1edbi nh\u00e9<\/em><\/p>\n","protected":false},"featured_media":809,"comment_status":"open","ping_status":"closed","template":"","meta":[],"product_brand":[17],"product_cat":[48],"product_tag":[49,51,54,53],"class_list":{"0":"post-800","1":"product","2":"type-product","3":"status-publish","4":"has-post-thumbnail","6":"product_brand-bykeishaw","7":"product_cat-vay","8":"product_tag-vay-ngan","9":"product_tag-vay-nu","10":"product_tag-vay-ren","11":"product_tag-vay-xoe","13":"first","14":"instock","15":"sale","16":"purchasable","17":"product-type-variable"},"_links":{"self":[{"href":"https:\/\/bykeishaw.com\/index.php?rest_route=\/wp\/v2\/product\/800","targetHints":{"allow":["GET"]}}],"collection":[{"href":"https:\/\/bykeishaw.com\/index.php?rest_route=\/wp\/v2\/product"}],"about":[{"href":"https:\/\/bykeishaw.com\/index.php?rest_route=\/wp\/v2\/types\/product"}],"replies":[{"embeddable":true,"href":"https:\/\/bykeishaw.com\/index.php?rest_route=%2Fwp%2Fv2%2Fcomments&post=800"}],"wp:featuredmedia":[{"embeddable":true,"href":"https:\/\/bykeishaw.com\/index.php?rest_route=\/wp\/v2\/media\/809"}],"wp:attachment":[{"href":"https:\/\/bykeishaw.com\/index.php?rest_route=%2Fwp%2Fv2%2Fmedia&parent=800"}],"wp:term":[{"taxonomy":"product_brand","embeddable":true,"href":"https:\/\/bykeishaw.com\/index.php?rest_route=%2Fwp%2Fv2%2Fproduct_brand&post=800"},{"taxonomy":"product_cat","embeddable":true,"href":"https:\/\/bykeishaw.com\/index.php?rest_route=%2Fwp%2Fv2%2Fproduct_cat&post=800"},{"taxonomy":"product_tag","embeddable":true,"href":"https:\/\/bykeishaw.com\/index.php?rest_route=%2Fwp%2Fv2%2Fproduct_tag&post=800"}],"curies":[{"name":"wp","href":"https:\/\/api.w.org\/{rel}","templated":true}]}}