{"id":759,"date":"2026-01-03T10:20:20","date_gmt":"2026-01-03T10:20:20","guid":{"rendered":"https:\/\/bykeishaw.com\/?post_type=product&#038;p=759"},"modified":"2026-01-03T14:25:58","modified_gmt":"2026-01-03T14:25:58","slug":"star-sweater","status":"publish","type":"product","link":"https:\/\/bykeishaw.com\/?product=star-sweater","title":{"rendered":"Star Sweater"},"content":{"rendered":"<p><img loading=\"lazy\" decoding=\"async\" class=\"size-medium wp-image-70 aligncenter\" src=\"https:\/\/bykeishaw.com\/wp-content\/uploads\/2026\/01\/z7390150797483_a48903e9b441bd8dd3c4dee390c95938-300x300.jpg\" alt=\"\" width=\"300\" height=\"300\" srcset=\"https:\/\/bykeishaw.com\/wp-content\/uploads\/2026\/01\/z7390150797483_a48903e9b441bd8dd3c4dee390c95938-300x300.jpg 300w, https:\/\/bykeishaw.com\/wp-content\/uploads\/2026\/01\/z7390150797483_a48903e9b441bd8dd3c4dee390c95938-324x324.jpg 324w, https:\/\/bykeishaw.com\/wp-content\/uploads\/2026\/01\/z7390150797483_a48903e9b441bd8dd3c4dee390c95938-100x100.jpg 100w, https:\/\/bykeishaw.com\/wp-content\/uploads\/2026\/01\/z7390150797483_a48903e9b441bd8dd3c4dee390c95938-416x416.jpg 416w, https:\/\/bykeishaw.com\/wp-content\/uploads\/2026\/01\/z7390150797483_a48903e9b441bd8dd3c4dee390c95938-150x150.jpg 150w, https:\/\/bykeishaw.com\/wp-content\/uploads\/2026\/01\/z7390150797483_a48903e9b441bd8dd3c4dee390c95938-768x768.jpg 768w, https:\/\/bykeishaw.com\/wp-content\/uploads\/2026\/01\/z7390150797483_a48903e9b441bd8dd3c4dee390c95938.jpg 800w\" sizes=\"auto, (max-width: 300px) 100vw, 300px\" \/>\u00c1o n\u1ec9 c\u1ed5 tim d\u00e1ng r\u1ed9ng, bo chun nh\u1eb9 \u1edf b\u1ee5ng v\u00e0 tay \u00e1o, gi\u00fap<\/p>\n<p>form g\u1ecdn v\u00e0 t\u00f4n d\u00e1ng. Ch\u1ea5t n\u1ec9 m\u1ec1m m\u1ecbn, d\u00e0y d\u1eb7n, mang l\u1ea1i c\u1ea3m gi\u00e1c \u1ea5m \u00e1p v\u00e0<\/p>\n<p>tho\u1ea3i m\u00e1i khi m\u1eb7c. Ph\u1ed1i h\u1ecda ti\u1ebft sao tinh t\u1ebf, t\u1ea1o \u0111i\u1ec3m nh\u1ea5n nh\u1eb9 nh\u00e0ng nh\u01b0ng<\/p>\n<p>v\u1eabn n\u1ed5i b\u1eadt. Ph\u00f9 h\u1ee3p \u0111\u1ec3 m\u1eb7c \u0111i h\u1ecdc, \u0111i ch\u01a1i, ch\u1ee5p \u1ea3nh hay d\u1ea1o ph\u1ed1. D\u1ec5 ph\u1ed1i<\/p>\n<p>c\u00f9ng qu\u1ea7n jean, ch\u00e2n v\u00e1y ho\u1eb7c qu\u1ea7n \u1ed1ng r\u1ed9ng cho outfit n\u0103ng \u0111\u1ed9ng, xinh x\u1eafn v\u00e0<\/p>\n<p>b\u1eaft trend.<\/p>\n","protected":false},"excerpt":{"rendered":"<p><em>Ch\u01b0a bi\u1ebft ch\u1ecdn size? Xem b\u1ea3ng size b\u00ean d\u01b0\u1edbi nh\u00e9<\/em><\/p>\n","protected":false},"featured_media":760,"comment_status":"open","ping_status":"closed","template":"","meta":[],"product_brand":[17],"product_cat":[46,16],"product_tag":[41,18,43,47],"class_list":{"0":"post-759","1":"product","2":"type-product","3":"status-publish","4":"has-post-thumbnail","6":"product_brand-bykeishaw","7":"product_cat-ao","8":"product_cat-ao-kieu","9":"product_tag-ao","10":"product_tag-ao-kieu","11":"product_tag-ao-nu","12":"product_tag-sweater","14":"first","15":"instock","16":"sale","17":"purchasable","18":"product-type-variable"},"_links":{"self":[{"href":"https:\/\/bykeishaw.com\/index.php?rest_route=\/wp\/v2\/product\/759","targetHints":{"allow":["GET"]}}],"collection":[{"href":"https:\/\/bykeishaw.com\/index.php?rest_route=\/wp\/v2\/product"}],"about":[{"href":"https:\/\/bykeishaw.com\/index.php?rest_route=\/wp\/v2\/types\/product"}],"replies":[{"embeddable":true,"href":"https:\/\/bykeishaw.com\/index.php?rest_route=%2Fwp%2Fv2%2Fcomments&post=759"}],"wp:featuredmedia":[{"embeddable":true,"href":"https:\/\/bykeishaw.com\/index.php?rest_route=\/wp\/v2\/media\/760"}],"wp:attachment":[{"href":"https:\/\/bykeishaw.com\/index.php?rest_route=%2Fwp%2Fv2%2Fmedia&parent=759"}],"wp:term":[{"taxonomy":"product_brand","embeddable":true,"href":"https:\/\/bykeishaw.com\/index.php?rest_route=%2Fwp%2Fv2%2Fproduct_brand&post=759"},{"taxonomy":"product_cat","embeddable":true,"href":"https:\/\/bykeishaw.com\/index.php?rest_route=%2Fwp%2Fv2%2Fproduct_cat&post=759"},{"taxonomy":"product_tag","embeddable":true,"href":"https:\/\/bykeishaw.com\/index.php?rest_route=%2Fwp%2Fv2%2Fproduct_tag&post=759"}],"curies":[{"name":"wp","href":"https:\/\/api.w.org\/{rel}","templated":true}]}}